 126.
43
Calculate the remainder when 8376 is divided by 133.
130
Calculate the remainder when 40015 is divided by 482.
9
What is the remainder when 168556 is divided by 20?
16
What is the remainder when 110190 is divided by 23?
20
Calculate the remainder when 259 is divided by 19.
12
Calculate the remainder when 33361 is divided by 3327.
91
Calculate the remainder when 245274 is divided by 15329.
10
What is the remainder when 126 is divided by 117?
9
Calculate the remainder when 6807 is divided by 20.
7
Calculate the remainder when 193428 is divided by 1560.
1548
What is the remainder when 374227 is divided by 162?
7
What is the remainder when 21138 is divided by 1755?
78
What is the remainder when 78705 is divided by 3027?
3
What is the remainder when 4383 is divided by 803?
368
What is the remainder when 3181 is divided by 529?
7
What is the remainder when 6106 is divided by 304?
26
What is the remainder when 86025 is divided by 43?
25
Calculate the remainder when 1628964 is divided by 1094.
1092
Calculate the remainder when 5202 is divided by 121.
120
What is the remainder when 8813 is divided by 144?
29
Calculate the remainder when 1641116 is divided by 480.
476
Calculate the remainder when 513570 is divided by 12526.
4
Calculate the remainder when 10212 is divided by 3098.
918
Calculate the remainder when 1628 is divided by 100.
28
What is the remainder when 1258 is divided by 202?
46
Calculate the remainder when 20941 is divided by 16.
13
Calculate the remainder when 8140 is divided by 2703.
31
Calculate the remainder when 120177 is divided by 18.
9
Calculate the remainder when 827114 is divided by 1229.
1226
What is the remainder when 1202297 is divided by 16?
9
Calculate the remainder when 267692 is divided by 17.
10
Calculate the remainder when 3018 is divided by 5.
3
What is the remainder when 30008 is divided by 29878?
130
What is the remainder when 48555 is divided by 4046?
3
What is the remainder when 86059 is divided by 10?
9
Calculate the remainder when 29266 is divided by 25.
16
Calculate the remainder when 36016 is divided by 387.
25
Calculate the remainder when 799 is divided by 125.
49
Calculate the remainder when 77375 is divided by 212.
207
What is the remainder when 2969 is divided by 46?
25
Calculate the remainder when 8034 is divided by 167.
18
What is the remainder when 41138 is divided by 1003?
15
Calculate the remainder when 143751 is divided by 25.
1
Calculate the remainder when 96626 is divided by 58.
56
What is the remainder when 264005 is divided by 202?
193
Calculate the remainder when 197718 is divided by 27.
24
Calculate the remainder when 1381 is divided by 1341.
40
What is the remainder when 3914 is divided by 765?
89
What is the remainder when 27172 is divided by 22?
2
Calculate the remainder when 83517 is divided by 147.
21
What is the remainder when 91283 is divided by 91253?
30
Calculate the remainder when 3032 is divided by 507.
497
What is the remainder when 3332 is divided by 1108?
8
Calculate the remainder when 753478 is divided by 910.
908
What is the remainder when 152891 is divided by 93?
92
Calculate the remainder when 23345 is divided by 121.
113
Calculate the remainder when 11587 is divided by 97.
44
What is the remainder when 2496 is divided by 486?
66
What is the remainder when 888 is divided by 183?
156
What is the remainder when 692 is divided by 114?
8
What is the remainder when 28980 is divided by 65?
55
What is the remainder when 79382 is divided by 8819?
11
Calculate the remainder when 79947 is divided by 41.
38
What is the remainder when 4599 is divided by 1381?
456
What is the remainder when 18752 is divided by 3734?
82
What is the remainder when 47681 is divided by 289?
285
What is the remainder when 163153 is divided by 335?
8
Calculate the remainder when 26599 is divided by 162.
31
Calculate the remainder when 24332 is divided by 45.
32
Calculate the remainder when 1866 is divided by 1184.
682
What is the remainder when 303337 is divided by 303328?
9
What is the remainder when 61915 is divided by 5159?
7
What is the remainder when 2933 is divided by 819?
476
Calculate the remainder when 1746 is divided by 831.
84
What is the remainder when 982 is divided by 137?
23
What is the remainder when 3760 is divided by 144?
16
What is the remainder when 30980 is divided by 7741?
16
What is the remainder when 8880 is divided by 8875?
5
What is the remainder when 6320 is divided by 1053?
2
Calculate the remainder when 2706262 is divided by 297.
295
What is the remainder when 1162 is divided by 288?
10
What is the remainder when 102880 is divided by 6858?
10
What is the remainder when 45056 is divided by 344?
336
What is the remainder when 17991 is divided by 133?
36
What is the remainder when 28432 is divided by 9462?
46
Calculate the remainder when 151612 is divided by 1285.
1267
Calculate the remainder when 18400 is divided by 347.
9
Calculate the remainder when 148992 is divided by 14.
4
Calculate the remainder when 4291 is divided by 4261.
30
Calculate the remainder when 1649 is divided by 273.
11
Calculate the remainder when 10390 is divided by 6.
4
What is the remainder when 9079 is divided by 22?
15
What is the remainder when 1281 is divided by 40?
1
Calculate the remainder when 99259 is divided by 163.
155
Calculate the remainder when 91388 is divided by 45694.
0
What is the remainder when 8661 is divided by 2121?
177
Calculate the remainder when 9187 is divided by 287.
3
Calculate the remainder when 10284 is divided by 1713.
6
What is the remainder when 46968 is divided by 7791?
222
What is the remainder when 27907 is divided by 443?
441
What is the remainder when 1257 is divided by 123?
27
Calculate the remainder when 2806296 is divided by 22.
20
Calculate the remainder when 8651 is divided by 184.
3
Calculate the remainder when 3153 is divided by 48.
33
Calculate the remainder when 1730 is divided by 156.
14
Calculate the remainder when 37548 is divided by 18770.
8
Calculate the remainder when 57439 is divided by 19146.
1
Calculate the remainder when 2065422 is divided by 1032702.
18
Calculate the remainder when 21204 is divided by 73.
34
Calculate the remainder when 24206 is divided by 4839.
11
Calculate the remainder when 6817103 is divided by 144.
143
Calculate the remainder when 140364 is divided by 2420.
4
Calculate the remainder when 119739 is divided by 5.
4
Calculate the remainder when 6741 is divided by 473.
119
What is the remainder when 17644 is divided by 282?
160
Calculate the remainder when 7252 is divided by 1822.
1786
Calculate the remainder when 31140 is divided by 48.
36
Calculate the remainder when 5991 is divided by 2760.
471
Calculate the remainder when 83583 is divided by 173.
24
Calculate the remainder when 52640 is divided by 17.
8
What is the remainder when 250127 is divided by 4466?
31
What is the remainder when 80541 is divided by 174?
153
What is the remainder when 37957 is divided by 77?
73
What is the remainder when 83594 is divided by 812?
770
What is the remainder when 38917 is divided by 949?
8
What is the remainder when 12851 is divided by 96?
83
What is the remainder when 173045 is divided by 1146?
1145
What is the remainder when 270 is divided by 40?
30
Calculate the remainder when 13142 is divided by 2114.
458
Calculate the remainder when 991 is divided by 175.
116
Calculate the remainder when 19215 is divided by 19190.
25
What is the remainder when 11335 is divided by 62?
51
Calculate the remainder when 398607 is divided by 45.
42
What is the remainder when 19380 is divided by 747?
705
What is the remainder when 31205 is divided by 2032?
725
Calculate the remainder when 5149 is divided by 520.
469
Calculate the remainder when 71037 is divided by 174.
45
What is the remainder when 8721 is divided by 161?
27
Calculate the remainder when 11510 is divided by 93.
71
Calculate the remainder when 17991 is divided by 58.
11
Calculate the remainder when 9195 is divided by 51.
15
What is the remainder when 6445 is divided by 2094?
163
What is the remainder when 119145 is divided by 509?
39
Calculate the remainder when 214 is divided by 97.
20
Calculate the remainder when 943 is divided by 817.
126
What is the remainder when 37839 is divided by 318?